{"id":379,"date":"2021-09-19T10:34:32","date_gmt":"2021-09-19T13:34:32","guid":{"rendered":"https:\/\/www.microsistinformatica.com.br\/site\/?page_id=379"},"modified":"2021-09-29T19:09:52","modified_gmt":"2021-09-29T22:09:52","slug":"duvidas","status":"publish","type":"page","link":"https:\/\/www.microsistinformatica.com.br\/site\/duvidas\/","title":{"rendered":"D\u00favidas"},"content":{"rendered":"\t\t<div data-elementor-type=\"wp-page\" data-elementor-id=\"379\" class=\"elementor elementor-379\" data-elementor-settings=\"[]\">\n\t\t\t\t\t\t\t<div class=\"elementor-section-wrap\">\n\t\t\t\t\t\t\t<section class=\"elementor-section elementor-top-section elementor-element elementor-element-13195c8 elementor-section-boxed elementor-section-height-default elementor-section-height-default\" data-id=\"13195c8\" data-element_type=\"section\">\n\t\t\t\t\t\t<div class=\"elementor-container elementor-column-gap-default\">\n\t\t\t\t\t<div class=\"elementor-column elementor-col-100 elementor-top-column elementor-element elementor-element-6ec9d5a\" data-id=\"6ec9d5a\" data-element_type=\"column\">\n\t\t\t<div class=\"elementor-widget-wrap elementor-element-populated\">\n\t\t\t\t\t\t\t\t<div class=\"elementor-element elementor-element-f5df811 elementor-widget elementor-widget-toggle\" data-id=\"f5df811\" data-element_type=\"widget\" data-widget_type=\"toggle.default\">\n\t\t\t\t<div class=\"elementor-widget-container\">\n\t\t\t\t\t<div class=\"elementor-toggle\" role=\"tablist\">\n\t\t\t\t\t\t\t<div class=\"elementor-toggle-item\">\n\t\t\t\t\t<div id=\"elementor-tab-title-2571\" class=\"elementor-tab-title\" data-tab=\"1\" role=\"tab\" aria-controls=\"elementor-tab-content-2571\" aria-expanded=\"false\">\n\t\t\t\t\t\t\t\t\t\t\t\t<span class=\"elementor-toggle-icon elementor-toggle-icon-left\" aria-hidden=\"true\">\n\t\t\t\t\t\t\t\t\t\t\t\t\t\t\t<span class=\"elementor-toggle-icon-closed\"><i class=\"fas fa-caret-right\"><\/i><\/span>\n\t\t\t\t\t\t\t\t<span class=\"elementor-toggle-icon-opened\"><i class=\"elementor-toggle-icon-opened fas fa-caret-up\"><\/i><\/span>\n\t\t\t\t\t\t\t\t\t\t\t\t\t<\/span>\n\t\t\t\t\t\t\t\t\t\t\t\t<a href=\"\" class=\"elementor-toggle-title\">1. Como fa\u00e7o para fazer um site Microsist?<\/a>\n\t\t\t\t\t<\/div>\n\n\t\t\t\t\t<div id=\"elementor-tab-content-2571\" class=\"elementor-tab-content elementor-clearfix\" data-tab=\"1\" role=\"tabpanel\" aria-labelledby=\"elementor-tab-title-2571\"><p>Voc\u00ea pode entrar em contato conosco por meio do telefone\u00a0<strong>(48) 9 9962-7222<\/strong>, pelo e_mail <a href=\"mailto:horaciobridon@gmail.com\">horaciobridon@gmail.com<\/a>\u00a0ou preenchendo o\u00a0<a href=\"https:\/\/www.microsistinformatica.com.br\/site\/contato\/\">formul\u00e1rio de contato<\/a>. Marcaremos o melhor hor\u00e1rio para voc\u00ea e iremos ao seu encontro, ou, se preferir, marcamos no nosso local de trabalho. Nessa reuni\u00e3o preliminar, escutamos suas necessidades para o novo site, fazemos as perguntas necess\u00e1rias para esse primeiro momento e anotamos todos os seus pedidos. Com esses dados coletados, analisaremos seus pedidos e qual a melhor solu\u00e7\u00e3o para seu neg\u00f3cio ou trabalho e lhe enviaremos uma proposta t\u00e9cnica e financeira. Tomaremos todas as provid\u00eancias para criar um site que corresponda as suas necessidades, sendo voc\u00ea cliente da grande Florian\u00f3polis ou de outra regi\u00e3o.<\/p><\/div>\n\t\t\t\t<\/div>\n\t\t\t\t\t\t\t<div class=\"elementor-toggle-item\">\n\t\t\t\t\t<div id=\"elementor-tab-title-2572\" class=\"elementor-tab-title\" data-tab=\"2\" role=\"tab\" aria-controls=\"elementor-tab-content-2572\" aria-expanded=\"false\">\n\t\t\t\t\t\t\t\t\t\t\t\t<span class=\"elementor-toggle-icon elementor-toggle-icon-left\" aria-hidden=\"true\">\n\t\t\t\t\t\t\t\t\t\t\t\t\t\t\t<span class=\"elementor-toggle-icon-closed\"><i class=\"fas fa-caret-right\"><\/i><\/span>\n\t\t\t\t\t\t\t\t<span class=\"elementor-toggle-icon-opened\"><i class=\"elementor-toggle-icon-opened fas fa-caret-up\"><\/i><\/span>\n\t\t\t\t\t\t\t\t\t\t\t\t\t<\/span>\n\t\t\t\t\t\t\t\t\t\t\t\t<a href=\"\" class=\"elementor-toggle-title\">2. Quanto custa um site, um blog ou uma loja virtual?<\/a>\n\t\t\t\t\t<\/div>\n\n\t\t\t\t\t<div id=\"elementor-tab-content-2572\" class=\"elementor-tab-content elementor-clearfix\" data-tab=\"2\" role=\"tabpanel\" aria-labelledby=\"elementor-tab-title-2572\"><p>Depende da complexidade do seu site. Nossos pre\u00e7os s\u00e3o bem acess\u00edveis, facilitamos o pagamento e eles s\u00e3o de acordo com a realidade de nossa regi\u00e3o (grande Florian\u00f3polis). Para blogs ou lojas virtuais temos um pre\u00e7o bem camarada, pois s\u00e3o voltados a pequenos neg\u00f3cios como os de artesanatos ou pequenas lojas.<\/p><\/div>\n\t\t\t\t<\/div>\n\t\t\t\t\t\t\t<div class=\"elementor-toggle-item\">\n\t\t\t\t\t<div id=\"elementor-tab-title-2573\" class=\"elementor-tab-title\" data-tab=\"3\" role=\"tab\" aria-controls=\"elementor-tab-content-2573\" aria-expanded=\"false\">\n\t\t\t\t\t\t\t\t\t\t\t\t<span class=\"elementor-toggle-icon elementor-toggle-icon-left\" aria-hidden=\"true\">\n\t\t\t\t\t\t\t\t\t\t\t\t\t\t\t<span class=\"elementor-toggle-icon-closed\"><i class=\"fas fa-caret-right\"><\/i><\/span>\n\t\t\t\t\t\t\t\t<span class=\"elementor-toggle-icon-opened\"><i class=\"elementor-toggle-icon-opened fas fa-caret-up\"><\/i><\/span>\n\t\t\t\t\t\t\t\t\t\t\t\t\t<\/span>\n\t\t\t\t\t\t\t\t\t\t\t\t<a href=\"\" class=\"elementor-toggle-title\">3. Ser\u00e1 que terei dificuldades para fazer as altera\u00e7\u00f5es do meu site?<\/a>\n\t\t\t\t\t<\/div>\n\n\t\t\t\t\t<div id=\"elementor-tab-content-2573\" class=\"elementor-tab-content elementor-clearfix\" data-tab=\"3\" role=\"tabpanel\" aria-labelledby=\"elementor-tab-title-2573\"><p>Nenhuma. A \u00e1rea de administra\u00e7\u00e3o dos nossos sites \u00e9 muito simples e de f\u00e1cil utiliza\u00e7\u00e3o.\u00a0Ap\u00f3s o t\u00e9rmino do site ser\u00e1 dado treinamento para que voc\u00ea possa, de seu computador, atualizar ou acrescentar novos conte\u00fados, por meio de um login e senha. Esse treinamento j\u00e1 est\u00e1 inclu\u00eddo no valor final do site. Mas se voc\u00ea n\u00e3o puder fazer essa manuten\u00e7\u00e3o, basta voc\u00ea nos enviar o conte\u00fado como fotos, textos e v\u00eddeos, que n\u00f3s fazemos isso para voc\u00ea. Para isso ser\u00e1 firmado um contrato de manuten\u00e7\u00e3o mensal.<\/p><\/div>\n\t\t\t\t<\/div>\n\t\t\t\t\t\t\t<div class=\"elementor-toggle-item\">\n\t\t\t\t\t<div id=\"elementor-tab-title-2574\" class=\"elementor-tab-title\" data-tab=\"4\" role=\"tab\" aria-controls=\"elementor-tab-content-2574\" aria-expanded=\"false\">\n\t\t\t\t\t\t\t\t\t\t\t\t<span class=\"elementor-toggle-icon elementor-toggle-icon-left\" aria-hidden=\"true\">\n\t\t\t\t\t\t\t\t\t\t\t\t\t\t\t<span class=\"elementor-toggle-icon-closed\"><i class=\"fas fa-caret-right\"><\/i><\/span>\n\t\t\t\t\t\t\t\t<span class=\"elementor-toggle-icon-opened\"><i class=\"elementor-toggle-icon-opened fas fa-caret-up\"><\/i><\/span>\n\t\t\t\t\t\t\t\t\t\t\t\t\t<\/span>\n\t\t\t\t\t\t\t\t\t\t\t\t<a href=\"\" class=\"elementor-toggle-title\">4. O que \u00e9 dom\u00ednio e como fa\u00e7o para ter um?<\/a>\n\t\t\t\t\t<\/div>\n\n\t\t\t\t\t<div id=\"elementor-tab-content-2574\" class=\"elementor-tab-content elementor-clearfix\" data-tab=\"4\" role=\"tabpanel\" aria-labelledby=\"elementor-tab-title-2574\"><p>Dom\u00ednio \u00e9 um nome que serve para localizar e identificar seu site na Internet. Geralmente come\u00e7a com \u201cwww\u201d. Sem ele ter\u00edamos que memorizar uma grande sequ\u00eancia de n\u00fameros.\u00a0Para ter o seu dom\u00ednio na internet voc\u00ea deve efetuar o\u00a0<a href=\"https:\/\/registro.br\/\" target=\"_blank\" rel=\"noreferrer noopener\">registro de dom\u00ednio<\/a>\u00a0e contratar um\u00a0servidor para hospedagem. Caso voc\u00ea n\u00e3o tenha dom\u00ednio pr\u00f3prio e nem um servidor para hospedagem, a MICROSIST se compromete a realizar esse procedimento para voc\u00ea. A MICROSIST ir\u00e1 verificar as op\u00e7\u00f5es de dom\u00ednio e lhe apresentar\u00e1 as op\u00e7\u00f5es dispon\u00edveis. Mais informa\u00e7\u00f5es sobre dom\u00ednios voc\u00ea pode\u00a0<a href=\"http:\/\/registro.br\/suporte\/faq\/\" target=\"_blank\" rel=\"noreferrer noopener\">encontrar aqui<\/a>.<\/p><\/div>\n\t\t\t\t<\/div>\n\t\t\t\t\t\t\t<div class=\"elementor-toggle-item\">\n\t\t\t\t\t<div id=\"elementor-tab-title-2575\" class=\"elementor-tab-title\" data-tab=\"5\" role=\"tab\" aria-controls=\"elementor-tab-content-2575\" aria-expanded=\"false\">\n\t\t\t\t\t\t\t\t\t\t\t\t<span class=\"elementor-toggle-icon elementor-toggle-icon-left\" aria-hidden=\"true\">\n\t\t\t\t\t\t\t\t\t\t\t\t\t\t\t<span class=\"elementor-toggle-icon-closed\"><i class=\"fas fa-caret-right\"><\/i><\/span>\n\t\t\t\t\t\t\t\t<span class=\"elementor-toggle-icon-opened\"><i class=\"elementor-toggle-icon-opened fas fa-caret-up\"><\/i><\/span>\n\t\t\t\t\t\t\t\t\t\t\t\t\t<\/span>\n\t\t\t\t\t\t\t\t\t\t\t\t<a href=\"\" class=\"elementor-toggle-title\">5. O que \u00e9 hospedagem de site?<\/a>\n\t\t\t\t\t<\/div>\n\n\t\t\t\t\t<div id=\"elementor-tab-content-2575\" class=\"elementor-tab-content elementor-clearfix\" data-tab=\"5\" role=\"tabpanel\" aria-labelledby=\"elementor-tab-title-2575\"><p>\u00c9 o espa\u00e7o em um servidor web onde v\u00e3o ficar os arquivos do seu site para que possam ser acessados na web, al\u00e9m de armazenar seus e-mails.<\/p><\/div>\n\t\t\t\t<\/div>\n\t\t\t\t\t\t\t<div class=\"elementor-toggle-item\">\n\t\t\t\t\t<div id=\"elementor-tab-title-2576\" class=\"elementor-tab-title\" data-tab=\"6\" role=\"tab\" aria-controls=\"elementor-tab-content-2576\" aria-expanded=\"false\">\n\t\t\t\t\t\t\t\t\t\t\t\t<span class=\"elementor-toggle-icon elementor-toggle-icon-left\" aria-hidden=\"true\">\n\t\t\t\t\t\t\t\t\t\t\t\t\t\t\t<span class=\"elementor-toggle-icon-closed\"><i class=\"fas fa-caret-right\"><\/i><\/span>\n\t\t\t\t\t\t\t\t<span class=\"elementor-toggle-icon-opened\"><i class=\"elementor-toggle-icon-opened fas fa-caret-up\"><\/i><\/span>\n\t\t\t\t\t\t\t\t\t\t\t\t\t<\/span>\n\t\t\t\t\t\t\t\t\t\t\t\t<a href=\"\" class=\"elementor-toggle-title\">6. Quanto custa registrar um site e contratar uma hospedagem?<\/a>\n\t\t\t\t\t<\/div>\n\n\t\t\t\t\t<div id=\"elementor-tab-content-2576\" class=\"elementor-tab-content elementor-clearfix\" data-tab=\"6\" role=\"tabpanel\" aria-labelledby=\"elementor-tab-title-2576\"><p>Dom\u00ednios Nacionais (.br)\u00a0R$ 40,00 ao ano. O pagamento \u00e9 feito por Boleto Banc\u00e1rio, emitido pelo\u00a0<a href=\"https:\/\/registro.br\/\" target=\"_blank\" rel=\"noreferrer noopener\">Registro.br<\/a>\u00a0ou por meio do cart\u00e3o de cr\u00e9dito. Para a hospedagem, os valores dependem do plano que voc\u00ea contratar em fun\u00e7\u00e3o do tamanho do seu site e do tr\u00e1fego de arquivos. \u00c9 cobrado mensalmente, ou quando o valor \u00e9 muito baixo, trimestralmente. N\u00f3s assumimos a responsabilidade de comprar o dom\u00ednio e providenciar um servidor adequado para o seu site.<\/p><\/div>\n\t\t\t\t<\/div>\n\t\t\t\t\t\t\t<div class=\"elementor-toggle-item\">\n\t\t\t\t\t<div id=\"elementor-tab-title-2577\" class=\"elementor-tab-title\" data-tab=\"7\" role=\"tab\" aria-controls=\"elementor-tab-content-2577\" aria-expanded=\"false\">\n\t\t\t\t\t\t\t\t\t\t\t\t<span class=\"elementor-toggle-icon elementor-toggle-icon-left\" aria-hidden=\"true\">\n\t\t\t\t\t\t\t\t\t\t\t\t\t\t\t<span class=\"elementor-toggle-icon-closed\"><i class=\"fas fa-caret-right\"><\/i><\/span>\n\t\t\t\t\t\t\t\t<span class=\"elementor-toggle-icon-opened\"><i class=\"elementor-toggle-icon-opened fas fa-caret-up\"><\/i><\/span>\n\t\t\t\t\t\t\t\t\t\t\t\t\t<\/span>\n\t\t\t\t\t\t\t\t\t\t\t\t<a href=\"\" class=\"elementor-toggle-title\">7. Quais s\u00e3o as etapas do desenvolvimento de um site?<\/a>\n\t\t\t\t\t<\/div>\n\n\t\t\t\t\t<div id=\"elementor-tab-content-2577\" class=\"elementor-tab-content elementor-clearfix\" data-tab=\"7\" role=\"tabpanel\" aria-labelledby=\"elementor-tab-title-2577\"><ol><li><strong>Reuni\u00e3o<\/strong>\u00a0\u2013 reuni\u00e3o entre a MICROSIST\u00a0e o cliente para saber sobre as necessidades do site.<\/li><li><strong>Proposta<\/strong>\u00a0\u2013 Ap\u00f3s a reuni\u00e3o inicial, ser\u00e1 enviada uma proposta t\u00e9cnica e financeira.<\/li><li><strong>Briefing<\/strong>\u00a0\u2013 Aprovada essa proposta e paga a primeira parcela ser\u00e1 aplicado um briefing, que nada mais \u00e9 do que uma s\u00e9rie de perguntas para conhecer mais sobre seu neg\u00f3cio e suas necessidades.<\/li><li><strong>Dom\u00ednio e Hospedagem<\/strong>\u00a0\u2013 Caso o cliente ainda n\u00e3o possua dom\u00ednio e hospedagem, estes ser\u00e3o providenciados pela MICROSIST. As despesas desses servi\u00e7os ser\u00e3o por conta do cliente.<\/li><li><strong>Projeto<\/strong>\u00a0\u2013 O\u00a0briefing serve, tamb\u00e9m, para organizar as ideias e elaborar o projeto final, que ser\u00e1 enviado para aprova\u00e7\u00e3o.<\/li><li><strong>Wireframe<\/strong>\u00a0\u2013 Aprovado o projeto final ser\u00e1 enviado um wireframe, que \u00e9 apenas uma imagem com o esbo\u00e7o dos espa\u00e7os onde ficar\u00e3o as informa\u00e7\u00f5es. Como se fosse a planta baixa de uma casa para aprova\u00e7\u00e3o.<\/li><li><strong>Desenvolvimento<\/strong>\u00a0\u2013 Aprovada as etapas anteriores ser\u00e1 dado in\u00edcio ao desenvolvimento do site.<\/li><li><strong>Conte\u00fado<\/strong>\u00a0\u2013 Durante o desenvolvimento, o cliente ter\u00e1 tempo necess\u00e1rio para coletar o conte\u00fado (textos, fotos, v\u00eddeos) que poder\u00e3o ser enviados durante a etapa de desenvolvimento. A elabora\u00e7\u00e3o e a cria\u00e7\u00e3o do conte\u00fado s\u00e3o de responsabilidade do cliente. Caso deseje, a MICROSIST\u00a0possui parceiros que criam conte\u00fado para o cliente. Esse servi\u00e7o \u00e9 cobrado \u00e0 parte e ser\u00e1 feito um or\u00e7amento pr\u00e9vio que ser\u00e1 enviado para aprova\u00e7\u00e3o.<\/li><li><strong>Site Pronto<\/strong>\u00a0\u2013 Ser\u00e1 apresentado ao cliente para os ajustes finais.<\/li><li><strong>Treinamento<\/strong>\u00a0\u2013\u00a0Assim que o site estiver pronto, ministraremos treinamento para voc\u00ea alimentar e gerenciar o conte\u00fado. Para isso, iremos pessoalmente \u00e0 sua empresa ou \u00e0 sua casa. Quando n\u00e3o for poss\u00edvel, ser\u00e1 feito via contato virtual. Ap\u00f3s o treinamento, estaremos \u00e0 disposi\u00e7\u00e3o para esclarecimento de d\u00favidas via e-mail, telefone ou contato virtual. Caso seja necess\u00e1rio, v\u00eddeo-aulas estar\u00e3o dispon\u00edveis na internet para esclarecimento de d\u00favidas futuras.<\/li><li><strong>Manuten\u00e7\u00e3o<\/strong>\u00a0\u2013 Ap\u00f3s a finaliza\u00e7\u00e3o dos trabalhos e caso voc\u00ea n\u00e3o tenha tempo ou n\u00e3o possua uma pessoa designada para manter seu site, a MICROSIST possui uma proposta de contrato mensal de manuten\u00e7\u00e3o, de acordo com o tipo e o volume de atualiza\u00e7\u00f5es necess\u00e1rias ao seu neg\u00f3cio. A MICROSIST compromete-se a manter seu site atualizado sempre que for solicitado. Caso voc\u00ea opte por n\u00e3o firmar o contrato de manuten\u00e7\u00e3o mensal, a MICROSIST continua garantindo a manuten\u00e7\u00e3o do seu site sempre que for solicitada. Nesse caso, a cada solicita\u00e7\u00e3o ser\u00e1 apresentado um or\u00e7amento, que, se aprovado, a atualiza\u00e7\u00e3o ser\u00e1 imediatamente implementada no site.<\/li><\/ol><\/div>\n\t\t\t\t<\/div>\n\t\t\t\t\t\t\t\t<\/div>\n\t\t\t\t<\/div>\n\t\t\t\t<\/div>\n\t\t\t\t\t<\/div>\n\t\t<\/div>\n\t\t\t\t\t\t\t<\/div>\n\t\t<\/section>\n\t\t\t\t<section class=\"elementor-section elementor-top-section elementor-element elementor-element-905c39f elementor-section-boxed elementor-section-height-default elementor-section-height-default\" data-id=\"905c39f\" data-element_type=\"section\">\n\t\t\t\t\t\t<div class=\"elementor-container elementor-column-gap-default\">\n\t\t\t\t\t<div class=\"elementor-column elementor-col-100 elementor-top-column elementor-element elementor-element-5306b67\" data-id=\"5306b67\" data-element_type=\"column\">\n\t\t\t<div class=\"elementor-widget-wrap elementor-element-populated\">\n\t\t\t\t\t\t\t\t<div class=\"elementor-element elementor-element-677da94 elementor-widget elementor-widget-text-editor\" data-id=\"677da94\" data-element_type=\"widget\" data-widget_type=\"text-editor.default\">\n\t\t\t\t<div class=\"elementor-widget-container\">\n\t\t\t\t\t\t\t<p><em>Obs) Para blogs e lojas virtuais algumas etapas poder\u00e3o ser modificadas ou exclu\u00eddas.<\/em><\/p>\t\t\t\t\t\t<\/div>\n\t\t\t\t<\/div>\n\t\t\t\t\t<\/div>\n\t\t<\/div>\n\t\t\t\t\t\t\t<\/div>\n\t\t<\/section>\n\t\t\t\t\t\t<\/div>\n\t\t\t\t\t<\/div>\n\t\t","protected":false},"excerpt":{"rendered":"<p>1. Como fa\u00e7o para fazer um site Microsist? Voc\u00ea pode entrar em contato conosco por meio do telefone\u00a0(48) 9 9962-7222, pelo e_mail horaciobridon@gmail.com\u00a0ou preenchendo o\u00a0formul\u00e1rio de contato. Marcaremos o melhor [&hellip;]<\/p>\n","protected":false},"author":1,"featured_media":0,"parent":0,"menu_order":0,"comment_status":"closed","ping_status":"closed","template":"","meta":{"footnotes":""},"class_list":["post-379","page","type-page","status-publish","hentry"],"_links":{"self":[{"href":"https:\/\/www.microsistinformatica.com.br\/site\/wp-json\/wp\/v2\/pages\/379"}],"collection":[{"href":"https:\/\/www.microsistinformatica.com.br\/site\/wp-json\/wp\/v2\/pages"}],"about":[{"href":"https:\/\/www.microsistinformatica.com.br\/site\/wp-json\/wp\/v2\/types\/page"}],"author":[{"embeddable":true,"href":"https:\/\/www.microsistinformatica.com.br\/site\/wp-json\/wp\/v2\/users\/1"}],"replies":[{"embeddable":true,"href":"https:\/\/www.microsistinformatica.com.br\/site\/wp-json\/wp\/v2\/comments?post=379"}],"version-history":[{"count":35,"href":"https:\/\/www.microsistinformatica.com.br\/site\/wp-json\/wp\/v2\/pages\/379\/revisions"}],"predecessor-version":[{"id":548,"href":"https:\/\/www.microsistinformatica.com.br\/site\/wp-json\/wp\/v2\/pages\/379\/revisions\/548"}],"wp:attachment":[{"href":"https:\/\/www.microsistinformatica.com.br\/site\/wp-json\/wp\/v2\/media?parent=379"}],"curies":[{"name":"wp","href":"https:\/\/api.w.org\/{rel}","templated":true}]}}